 o**2/2 - 6. Let l be m(1). What is the greatest common divisor of l and 31?
31
Let i be 3*4/6 + -2. Let z be 1*i/(0 + -2). Suppose -105 = -h - 4*h - y, -4*h + 3*y + 103 = z. What is the highest common divisor of 33 and h?
11
Suppose 127 = 4*g - 17. Suppose -3*z + 11 = -16. Calculate the greatest common divisor of g and z.
9
Let s be (-12)/(-8)*14/3. What is the greatest common divisor of s and 56?
7
Let t(x) = 45*x**3 - 2*x**2 + 2*x - 1. Let o be t(1). Suppose v - o = -3*v. What is the greatest common divisor of 11 and v?
11
Suppose -77 = -8*a + 3. Calculate the highest common divisor of 110 and a.
10
Suppose l - 2*l = 0. Let t(h) = h**2 + 2*h + 18. Let v be t(l). What is the highest common factor of 36 and v?
18
Let y(s) = 2*s**2. Let i be y(-2). Let h(x) = 2*x**2 - 8*x + 8. Let a be h(i). What is the highest common divisor of 18 and a?
18
Let h(i) = i**3 - 5*i**2 + 2*i - 7. Let p = 14 + -9. Let w be h(p). What is the greatest common divisor of w and 15?
3
Let d(m) = 4*m - 8. Let l be d(8). Calculate the highest common divisor of 60 and l.
12
Let d = 24 + 6. Suppose 0 = g + g - d. What is the greatest common divisor of g and 3?
3
Let u = 4 + 1. Let a(f) = f**2 - 4*f - 2. Let x be a(5). Suppose 0 = x*n + n - i - 155, -5*n + i = -195. What is the highest common divisor of u and n?
5
Let o = 6 + -7. Let i be (-138)/(-7)*(8 + o). Let j = i + -3. What is the highest common divisor of 15 and j?
15
Let y(k) = k**2 + 2*k - 2. Let q be y(-3). Let w(m) = 2*m**3 - 2*m**2 + m. Let t be w(1). What is the highest common divisor of t and q?
1
Let l(p) = -p**3 - 9*p**2 + 22*p + 23. Let v be l(-11). Let x be ((-46)/(-4))/(3/6). Calculate the highest common divisor of x and v.
23
Let g be (-2 - 2) + 34 + -6 + 2. What is the highest common factor of 52 and g?
26
Suppose -53 = -4*k + 187. Calculate the greatest common divisor of k and 20.
20
Let m be (29/4)/1*(-2 + 6). What is the greatest common divisor of m and 232?
29
Let c be 2 + (-36)/21 + 524/28. Let v(f) = 33*f - 8. Let m be v(6). What is the greatest common divisor of m and c?
19
Suppose -2*m - 2*m = -12. Suppose 12 = m*o + o. Suppose 5*j - 4*f = f + 450, -94 = -j - o*f. What is the greatest common divisor of j and 13?
13
Let n(v) = v. Let o be n(3). Let u be ((-2)/4)/(2/(-12)). Suppose -45 = -u*h + 3*r, 6*h - o*h = 5*r + 55. What is the highest common divisor of 30 and h?
10
Suppose t - 40 = -x - 4*x, x = -3. Calculate the highest common factor of t and 22.
11
Let a = 56 + -29. Calculate the greatest common divisor of 1 and a.
1
Let x be (-37)/(-5) - ((-28)/(-20) + -1). What is the highest common divisor of 84 and x?
7
Let d = 2 + 40. Calculate the highest common divisor of d and 63.
21
Let g be 4*2*(-2)/(-4). Suppose -z + 2*v = 3, g*z + 4*v - 9*v - 3 = 0. What is the highest common factor of 35 and z?
7
Suppose n + 40 = 3*n + 4*p, -p = n - 18. Suppose k = 5*k - n. Let w be (-4)/(16/(-172)) - -1. Calculate the highest common divisor of w and k.
4
Let u be (-14)/(-4) - 1/2. Let a = u + -4. Let b be (0 - (-14)/a)*-1. What is the highest common divisor of b and 42?
14
Let r(g) = -g + 39. Let p be r(0). Let q(u) = u**2 + 12*u - 33. Let a be q(-15). Let s = 25 - a. Calculate the greatest common divisor of p and s.
13
Let q(d) = d**3 + 3*d**2 + 10*d + 11. Let c be q(5). What is the highest common factor of 29 and c?
29
Let g be (41 + 4)*1/3. Suppose 5*i - 2*p = 16 - 7, 4*i + 5*p = 27. Calculate the highest common divisor of i and g.
3
Suppose -6*w = -25 - 59. Calculate the highest common factor of w and 126.
14
Let f be ((-2)/6)/(1/(-9)). Let r be -2 - 0 - (f + 5). Let l be (-155)/r - 2/4. What is the greatest common factor of 3 and l?
3
Let b = 63 - 24. Suppose 20*h = 25*h - 130. What is the highest common divisor of h and b?
13
Let a(o) = -4*o**3 + 4*o**2 - 2*o + 4. Let g(n) = -n**3 + n**2 - n. Let f(k) = a(k) - 5*g(k). Let v be f(3). Calculate the greatest common divisor of 341 and v.
31
Let t(d) = d**3 + 3*d**2 - 3*d - 2. Let x be t(-4). Let m be 0 + 0 - (-74 - x). Calculate the greatest common factor of 17 and m.
17
Suppose 0 = -4*a + m + 14, -3*a + 6 = -m - 4. Suppose -3*g - 251 = -6*p + a*p, g + 366 = 3*p. Calculate the greatest common divisor of 11 and p.
11
Let l be (-6)/33 + (-57)/(-11). Suppose -7*h + l*h + 26 = 0. What is the greatest common factor of 117 and h?
13
Suppose 4*w = -f + 36, -3*w = -7*w + 3*f + 20. Suppose -2*m - 5*p = -9, 0 = m - p + 3*p - 6. What is the greatest common divisor of m and w?
4
Suppose 3*y = 5*p + 7 - 35, 28 = -2*y + p. Let l = y - -23. Calculate the greatest common factor of 77 and l.
7
Let s(y) = -44*y + 4. Let f(m) = m + 1. Let h(o) = 3*f(o) - s(o). Let t be h(4). What is the highest common divisor of t and 17?
17
Suppose 5*y = -790 - 610. Let q = y - -406. What is the highest common divisor of 14 and q?
14
Suppose -25*u + 122 = -103. Let v = 0 - 0. Suppose v = 4*j - 5 + 1. Calculate the highest common factor of u and j.
1
Suppose 0 = -0*f - 5*f + 605. Suppose -2*c + 31 = 3*s, 3*s - 4*s - 5*c + 6 = 0. What is the highest common divisor of s and f?
11
Let n be (-2)/(-14)*2 + 216/28. What is the greatest common divisor of n and 1?
1
Let k(u) = 2*u**3 - 9*u**2 + 4*u - 13. Let y be k(6). Suppose 0 = 2*p - p - 17. What is the highest common factor of p and y?
17
Suppose 4*s + 21 - 129 = 0. Calculate the highest common factor of 108 and s.
27
Let i be (16/6)/((-3)/18). Let f be (-6)/i*10*4. Suppose 27 = 2*r - t, -2*r + r + t + f = 0. What is the highest common factor of r and 6?
6
Let l be 35/20*(-3)/((-3)/8). Suppose -3 = 4*r - 11. What is the greatest common divisor of r and l?
2
Let w = 102 + -82. What is the greatest common divisor of 12 and w?
4
Let s be ((-48)/9)/(1/(-3)). Let z(v) = 20*v**3 + v**2 - 2*v. Let j be z(2). Calculate the highest common factor of s and j.
16
Suppose 0*b + 980 = 4*b. Let i = b + -135. Suppose 0 = -3*x + x + i. Calculate the greatest common divisor of x and 5.
5
Suppose -2*j + 806 - 104 = 0. Suppose -3*w + j = 5*g, 3*g - g - 132 = -4*w. Calculate the greatest common factor of g and 24.
24
Let k(m) = 5*m**2 - m**2 + 0*m**2 - 2*m + 1. Let h be k(1). Suppose -t + 30 - 8 = 5*q, h*t + 4*q - 44 = 0. What is the greatest common factor of 108 and t?
12
Let l(i) = 2*i**2 + 3*i + 1. Let w be l(-2). Suppose -c + w = 1. Calculate the highest common divisor of 16 and c.
2
Let n = -2 - 0. Let t = 7 + n. Suppose t*f = 170 + 85. Calculate the highest common factor of f and 17.
17
Let z(m) = m**2 - 3*m - 3. Let h be z(3). Let v be h/(1/(-4 - 1)). Calculate the greatest common factor of 30 and v.
15
Let n be (-2)/5 + 54/10. Let l(v) = v + 1. Let p be l(n). Calculate the greatest common factor of p and 18.
6
Let s(x) = 5*x**2 + x + 1. Let f be s(-1). Suppose -185 = -5*v + 15. Suppose 4*t = 2*n - t - 13, 5*n - v = f*t. What is the greatest common factor of n and 3?
3
Let i(z) = z**2 - 6*z + 3. Let w be i(7). Let q(d) = 4*d**3 - 3*d**2 + 2*d - 4. Let b be q(2). What is the highest common factor of b and w?
10
Let y = 18 - 12. Suppose -y*a + 12 = -2*a. Let j be 14/a*9/1. What is the greatest common divisor of 6 and j?
6
Suppose -20 = -2*u - 0. Let h(f) = -f**2 + 6*f + 6. Let a be h(6). Let g(i) = 14*i - 4. Let n be g(a). What is the greatest common factor of n and u?
10
Let s(i) = -i**3 + i**2 - 3. Let y be s(3). Let v be 1/2 - y/2. Suppose -h - 2*k = -129, h + 3*k = -0*k + 133. What is the highest common factor of h and v?
11
Let z = 127 + -107. What is the highest common factor of 110 and z?
10
Let p(l) be the third derivative of 2*l**2 + 0 - 1/6*l**3 + 1/8*l**4 + 0*l. Let q be p(4). Calculate the highest common factor of q and 99.
11
Suppose 2*p = 4*x - 4, p - 1 = -3. Suppose -6*t + 19 = -3*t + y, -5*t + 2*y + 50 = x. Calculate the highest common divisor of t and 8.
8
Let z = 4 + 3. Suppose -3*w - 3*g = -12, -w + 3*g = 1 + 3. Suppose w*o - 110 = -y, 2*y - 4*y = 4. What is the greatest common divisor of z and o?
7
Let m = -2 + 7. Suppose -u = u + 4*o - 22, -m*u = -4*o + 15. Let b be (u + 4)/(2 + -1). Calculate the highest common factor of 5 and b.
5
Let g = 173 - 149. Suppose 0 = -2*l + 22 - 6. What is the highest common factor of g and l?
8
Let a be (936/(-30))/(4/(-30)). Let b(l) = 9*l - 1. Let r be b(3). Calculate the greatest common divisor of r and 